units digit of 13957?
7
What is the tens digit of 2359?
5
What is the thousands digit of 13244?
3
What is the thousands digit of 2008?
2
What is the ten thousands digit of 23937?
2
What is the thousands digit of 30031?
0
What is the ten thousands digit of 67412?
6
What is the tens digit of 2800?
0
What is the hundreds digit of 436?
4
What is the thousands digit of 11700?
1
What is the tens digit of 365?
6
What is the tens digit of 59?
5
What is the hundreds digit of 4021?
0
What is the thousands digit of 1340?
1
What is the ten thousands digit of 17882?
1
What is the hundreds digit of 4998?
9
What is the hundreds digit of 2315?
3
What is the tens digit of 1260?
6
What is the units digit of 57698?
8
What is the units digit of 3678?
8
What is the units digit of 1812?
2
What is the units digit of 117?
7
What is the tens digit of 4620?
2
What is the units digit of 12489?
9
What is the hundreds digit of 20717?
7
What is the hundreds digit of 222?
2
What is the tens digit of 11424?
2
What is the thousands digit of 6659?
6
What is the tens digit of 6106?
0
What is the hundreds digit of 46994?
9
What is the units digit of 839?
9
What is the units digit of 21910?
0
What is the hundreds digit of 32260?
2
What is the hundreds digit of 906?
9
What is the tens digit of 1581?
8
What is the tens digit of 1034?
3
What is the hundreds digit of 971?
9
What is the hundreds digit of 909?
9
What is the hundred thousands digit of 113203?
1
What is the hundreds digit of 895?
8
What is the thousands digit of 4198?
4
What is the thousands digit of 51429?
1
What is the hundreds digit of 852?
8
What is the tens digit of 49400?
0
What is the thousands digit of 11008?
1
What is the ten thousands digit of 28013?
2
What is the thousands digit of 1680?
1
What is the units digit of 15025?
5
What is the thousands digit of 152140?
2
What is the hundreds digit of 12697?
6
What is the ten thousands digit of 102370?
0
What is the thousands digit of 37041?
7
What is the units digit of 2363?
3
What is the tens digit of 73914?
1
What is the thousands digit of 13570?
3
What is the hundreds digit of 6863?
8
What is the thousands digit of 18870?
8
What is the hundreds digit of 81999?
9
What is the hundreds digit of 12822?
8
What is the ten thousands digit of 140933?
4
What is the hundreds digit of 18389?
3
What is the units digit of 475?
5
What is the units digit of 40149?
9
What is the units digit of 7869?
9
What is the tens digit of 43051?
5
What is the units digit of 3108?
8
What is the tens digit of 2817?
1
What is the tens digit of 723?
2
What is the units digit of 14665?
5
What is the units digit of 22720?
0
What is the units digit of 298?
8
What is the tens digit of 4572?
7
What is the thousands digit of 170791?
0
What is the thousands digit of 4721?
4
What is the tens digit of 7092?
9
What is the tens digit of 1686?
8
What is the thousands digit of 21231?
1
What is the thousands digit of 7146?
7
What is the tens digit of 1306?
0
What is the hundreds digit of 883?
8
What is the hundreds digit of 19502?
5
What is the hundreds digit of 14805?
8
What is the tens digit of 7692?
9
What is the thousands digit of 43212?
3
What is the ten thousands digit of 18405?
1
What is the ten thousands digit of 62724?
6
What is the units digit of 42214?
4
What is the thousands digit of 1948?
1
What is the units digit of 9761?
1
What is the tens digit of 641?
4
What is the units digit of 97598?
8
What is the hundreds digit of 36232?
2
What is the tens digit of 54462?
6
What is the units digit of 2157?
7
What is the hundreds digit of 24952?
9
What is the thousands digit of 5093?
5
What is the hundreds digit of 38191?
1
What is the ten thousands digit of 12020?
1
What is the ten thousands digit of 28716?
2
What is the hundreds digit of 1247?
2
What is the tens digit of 1011?
1
What is the hundreds digit of 9944?
9
What is the tens digit of 1663?
6
What is the tens digit of 15742?
4
What is the hundreds digit of 3935?
9
What is the hundreds digit of 47939?
9
What is the thousands digit of 36386?
6
What is the thousands digit of 19218?
9
What is the units digit of 3541?
1
What is the hundreds digit of 923?
9
What is the ten thousands digit of 68545?
6
What is the units digit of 37713?
3
What is the hundred thousands digit of 191384?
1
What is the tens digit of 9674?
7
What is the hundreds digit of 10950?
9
What is the hundreds digit of 34566?
5
What is the hundreds digit of 510?
5
What is the units digit of 2373?
3
What is the tens digit of 127?
2
What is the thousands digit of 71123?
1
What is the hundreds digit of 53657?
6
What is the units digit of 127316?
6
What is the tens digit of 3870?
7
What is the tens digit of 787?
8
What is the ten thousands digit of 13684?
1
What is the tens digit of 3428?
2
What is the units digit of 391?
1
What is the hundred thousands digit of 139039?
1
What is the hundreds digit of 27712?
7
What is the tens digit of 234?
3
What is the units digit of 10650?
0
What is the units digit of 73891?
1
What is the thousands digit of 12697?
2
What is the tens digit of 200?
0
What is the ten thousands digit of 54667?
5
What is the thousands digit of 1302?
1
What is the units digit of 1187?
7
What is the tens digit of 2000?
0
What is the thousands digit of 10593?
0
What is the tens digit of 10175?
7
What is the tens digit of 1320?
2
What is the units digit of 72846?
6
What is the units digit of 1572?
2
What is the hundreds digit of 5675?
6
What is the ten thousands digit of 13479?
1
What is the tens digit of 25200?
0
What is the tens digit of 575?
7
What is the tens digit of 43?
4
What is the tens digit of 50178?
7
What is the thousands digit of 1410?
1
What is the hundreds digit of 12338?
3
What is the thousands digit of 67634?
7
What is the tens digit of 2800?
0
What is the thousands digit of 1703?
1
What is the tens digit of 2351?
5
What is the ten thousands digit of 24523?
2
What is the units digit of 4257?
7
What is the hundreds digit of 5797?
7
What is the hundreds digit of 161?
1
What is the ten thousands digit of 125017?
2
What is the tens digit of 6878?
7
What is the thousands digit of 27389?
7
What is the units digit of 552?
2
What is the hundreds digit of 551?
5
What is the hundreds digit of 806?
8
What is the tens digit of 1998?
9
What is the hundreds digit of 219?
2
What is the ten thousands digit of 13863?
1
What is the thousands digit of 1921?
1
What is the tens digit of 2477?
7
What is the tens digit of 1532?
3
What is the hundreds digit of 663?
6
What is the tens digit of 5599?
9
What is the thousands digit of 1808?
1
What is the tens digit of 65392?
9
What is the tens digit of 87?
8
What is the thousands digit of 9669?
9
What is the tens digit of 29852?
5
What is the thousands digit of 5963?
5
What is the ten thousands digit of 26236?
2
What is the hundreds digit of 17912?
9
What is the thousands digit of 46051?
6
What is the hundreds digit of 274?
2
What is the hundreds digit of 4189?
1
What is the ten thousands digit of 17574?
1
What is the tens digit of 10?
1
What is the hundreds digit of 1449?
4
What is the hundreds digit of 895?
8
What is the units digit of 687?
7
What is the hundreds digit of 3618?
6
What is the units digit of 5750?
0
What is the hundreds digit of 8228?
2
What is the ten thousands digit of 69017?
6
What is the thousands digit of 7274?
7
What is the units digit of 2766?
6
What is the hundreds digit of 59666?
6
What is the thousands digit of 94331?
4
What is the hundreds digit of 89050?
0
What is the ten thousands digit of 36078?
3
What is the hundreds digit of 1287?
2
What is the units digit of 1893?
3
What is the ten thousands digit of 35839?
3
What is the thousands digit of 82572?
2
What is the units digit of 1506?
6
What is the units digit of 3445?
5
What is the units digit of 16499?
9
What is the hundreds digit of 4938?
9
What is the hundreds digit of 7338?
3
What is the units digit of 1087?
7
What is the thousands digit of 2402?
2
What is the tens digit of 3879?
7
What is the hundreds digit of 928?
9
What is the tens digit of 4941?
4
What is the hundreds digit of 1066?
0
What is the hundreds digit of 4804?
8
What is the tens digit of 908?
0
What is the hundreds digit of 8967?
9
What is the units digit of 77608?
8
What is the units di